{"id":553,"date":"2016-05-19T09:35:55","date_gmt":"2016-05-19T09:35:55","guid":{"rendered":"http:\/\/www.casaandaluciacoruna.com\/andalucia\/?page_id=553"},"modified":"2016-05-25T10:38:18","modified_gmt":"2016-05-25T10:38:18","slug":"para-mantenerte-informado","status":"publish","type":"page","link":"http:\/\/www.casaandaluciacoruna.com\/andalucia\/?page_id=553","title":{"rendered":"para mantenerte informado"},"content":{"rendered":"<h1>Casi a diario, recibimos boletines de diferentes noticias referentes a la emigraci\u00f3n, Andaluc\u00eda, Coru\u00f1a&#8230;.<\/h1>\n<p>&nbsp;<\/p>\n<p>Queremos compartir con vosotros esta informaci\u00f3n, y para ello os dejamos las direcciones de las p\u00e1ginas web donde estareis al tanto de todo<\/p>\n<p>&nbsp;<\/p>\n<p><a href=\"http:\/\/www.historiasdeluz.es\/\">Historias de luz<\/a><\/p>\n<p>(web de noticias Andaluzas)<\/p>\n<p>&nbsp;<\/p>\n<p><a href=\"http:\/\/www.espanaexterior.com\/\">Espa\u00f1a Exterior<\/a><\/p>\n<p>El peri\u00f3dico de las comunidades espa\u00f1olas en el mundo.<\/p>\n<p>&nbsp;<\/p>\n<p><a href=\"http:\/\/www.cronicasdelaemigracion.com\">Cr\u00f3nicas de la Emigraci\u00f3n<\/a><\/p>\n<p>Bolet\u00edn de la Xunta de Galicia.<\/p>\n<p>&nbsp;<\/p>\n<p><a href=\"http:\/\/www.coruna.es\/servlet\/Satellite?c=Page&amp;d=&amp;pagename=cultura\/Page\/Generico-Page-Generica&amp;cid=1322782055091\">Cultura Coru\u00f1a<\/a><\/p>\n<p>Web de nuestro Ayuntamiento, de informaci\u00f3n de eventos culturales en nuestra ciudad.<\/p>\n<p>&nbsp;<\/p>\n<p><a href=\"http:\/\/www.ciudaddecristal.com\/\">Ciudad de Cristal<\/a><\/p>\n<p>Web de un \u00abamigo de nuestra casa\u00bb, donde encontrareis toda la informaci\u00f3n de eventos en nuestra ciudad, con muchas fotos sobre los mismos.<\/p>\n","protected":false},"excerpt":{"rendered":"<p>Casi a diario, recibimos boletines de diferentes noticias referentes a la emigraci\u00f3n, Andaluc\u00eda, Coru\u00f1a&#8230;. &nbsp; Queremos compartir con vosotros esta informaci\u00f3n, y para ello os dejamos las direcciones de las p\u00e1ginas web donde estareis al tanto de todo &nbsp; Historias de luz (web de noticias Andaluzas) &nbsp; Espa\u00f1a Exterior El peri\u00f3dico de las comunidades espa\u00f1olas<a href=\"http:\/\/www.casaandaluciacoruna.com\/andalucia\/?page_id=553\"> [Read the full story &#8230;]<\/a><\/p>\n","protected":false},"author":2,"featured_media":0,"parent":0,"menu_order":0,"comment_status":"open","ping_status":"open","template":"","meta":{"footnotes":""},"class_list":["post-553","page","type-page","status-publish","hentry"],"_links":{"self":[{"href":"http:\/\/www.casaandaluciacoruna.com\/andalucia\/index.php?rest_route=\/wp\/v2\/pages\/553","targetHints":{"allow":["GET"]}}],"collection":[{"href":"http:\/\/www.casaandaluciacoruna.com\/andalucia\/index.php?rest_route=\/wp\/v2\/pages"}],"about":[{"href":"http:\/\/www.casaandaluciacoruna.com\/andalucia\/index.php?rest_route=\/wp\/v2\/types\/page"}],"author":[{"embeddable":true,"href":"http:\/\/www.casaandaluciacoruna.com\/andalucia\/index.php?rest_route=\/wp\/v2\/users\/2"}],"replies":[{"embeddable":true,"href":"http:\/\/www.casaandaluciacoruna.com\/andalucia\/index.php?rest_route=%2Fwp%2Fv2%2Fcomments&post=553"}],"version-history":[{"count":9,"href":"http:\/\/www.casaandaluciacoruna.com\/andalucia\/index.php?rest_route=\/wp\/v2\/pages\/553\/revisions"}],"predecessor-version":[{"id":567,"href":"http:\/\/www.casaandaluciacoruna.com\/andalucia\/index.php?rest_route=\/wp\/v2\/pages\/553\/revisions\/567"}],"wp:attachment":[{"href":"http:\/\/www.casaandaluciacoruna.com\/andalucia\/index.php?rest_route=%2Fwp%2Fv2%2Fmedia&parent=553"}],"curies":[{"name":"wp","href":"https:\/\/api.w.org\/{rel}","templated":true}]}}